{"id":12,"date":"2019-04-23T10:13:59","date_gmt":"2019-04-23T10:13:59","guid":{"rendered":"https:\/\/cgcopyp.org\/?page_id=12"},"modified":"2024-04-10T15:36:29","modified_gmt":"2024-04-10T15:36:29","slug":"quienes-somos","status":"publish","type":"page","link":"https:\/\/cgcopyp.org\/index.php\/quienes-somos","title":{"rendered":"\u00bfQuienes somos?"},"content":{"rendered":"\n<p style=\"text-align: justify\">El Consejo General es el \u00f3rgano de representaci\u00f3n de los Colegios Oficiales de Pedagogos y\/o Psicopedagogos ante la Administraci\u00f3n central. Pertenecen a \u00e9l con car\u00e1cter obligatorio todos los Colegios Oficiales de Pedagogos y\/o Psicopedagogos bien provinciales bien auton\u00f3micos<\/p>\n\n\n\n<p><strong>Los Colegios Oficiales que componen el Consejo son:<\/strong><\/p>\n\n\n\n<ul>\n<li> Colegio Oficial de Pedagogos de Catalu\u00f1a<\/li>\n<li> Colegio Oficial de Pedagog\u00eda y Psicopedagog\u00eda de las Islas Baleares<\/li>\n<li> Colegio Oficial de Pedagogos y Psicopedagogos de la Comunitat Valenciana<\/li>\n<li> Colegio Profesional de la Pedagog\u00eda y de la Psicopedagog\u00eda de Las Palmas<\/li>\n<li> Colegio Profesional de la Pedagog\u00eda y de la Psicopedagog\u00eda de Santa Cruz de Tenerife<\/li>\n<\/ul>\n\n\n\n<figure class=\"wp-block-table aligncenter\"><table><tbody><tr><td><a href=\"https:\/\/www.pedagogs.cat\/\"><img loading=\"lazy\" decoding=\"async\" class=\"wp-image-31\" alt=\"COPEC\" src=\"https:\/\/cgcopyp.org\/wp-content\/uploads\/2019\/04\/CollegidePedagogsdeCatalunya.png\" width=\"150\" height=\"150\" srcset=\"https:\/\/cgcopyp.org\/wp-content\/uploads\/2019\/04\/CollegidePedagogsdeCatalunya.png 259w, https:\/\/cgcopyp.org\/wp-content\/uploads\/2019\/04\/CollegidePedagogsdeCatalunya-150x150.png 150w\" sizes=\"auto, (max-width: 150px) 100vw, 150px\" \/><\/a><\/td><td><a href=\"http:\/\/ib-pedagogia.ning.com\/\"><img loading=\"lazy\" decoding=\"async\" class=\"wp-image-32 aligncenter\" alt=\"COPPIB\" src=\"https:\/\/cgcopyp.org\/wp-content\/uploads\/2019\/04\/CollegiPedagogsIllesBalears_web.png\" width=\"150\" height=\"150\" srcset=\"https:\/\/cgcopyp.org\/wp-content\/uploads\/2019\/04\/CollegiPedagogsIllesBalears_web.png 259w, https:\/\/cgcopyp.org\/wp-content\/uploads\/2019\/04\/CollegiPedagogsIllesBalears_web-150x150.png 150w\" sizes=\"auto, (max-width: 150px) 100vw, 150px\" \/><\/a><\/td><td><a href=\"https:\/\/www.copypcv.org\/\"><img loading=\"lazy\" decoding=\"async\" width=\"170\" height=\"90\" src=\"https:\/\/cgcopyp.org\/wp-content\/uploads\/2023\/09\/Logo_COPYPCV_2021_170x122.png\" alt=\"COPYPCV\" class=\"wp-image-914\"><\/a><\/td><\/tr><tr><td><a href=\"https:\/\/cprofesionalppslp.es\/\"><img loading=\"lazy\" decoding=\"async\" width=\"150\" height=\"150\" class=\"wp-image-1066\" style=\"width: 150px;\" src=\"https:\/\/cgcopyp.org\/wp-content\/uploads\/2024\/04\/CPP_LasPalmas_150x150.jpg\" alt=\"\" srcset=\"https:\/\/cgcopyp.org\/wp-content\/uploads\/2024\/04\/CPP_LasPalmas_150x150.jpg 150w, https:\/\/cgcopyp.org\/wp-content\/uploads\/2024\/04\/CPP_LasPalmas_150x150-70x70.jpg 70w\" sizes=\"auto, (max-width: 150px) 100vw, 150px\" \/><\/a><\/td><td><\/td><td><a href=\"https:\/\/colegio-pedagogia-tfe.com\/\"><img loading=\"lazy\" decoding=\"async\" width=\"150\" height=\"150\" class=\"wp-image-1067\" style=\"width: 150px;\" src=\"https:\/\/cgcopyp.org\/wp-content\/uploads\/2024\/04\/CPP_SC_Tenerife_150x150.jpg\" alt=\"\" srcset=\"https:\/\/cgcopyp.org\/wp-content\/uploads\/2024\/04\/CPP_SC_Tenerife_150x150.jpg 150w, https:\/\/cgcopyp.org\/wp-content\/uploads\/2024\/04\/CPP_SC_Tenerife_150x150-70x70.jpg 70w\" sizes=\"auto, (max-width: 150px) 100vw, 150px\" \/><\/a><\/td><\/tr><\/tbody><\/table><\/figure>\n\n\n\n<p><\/p>\n\n\n\n<p><\/p>\n\n\n\n<p><strong>El Consejo General de Colegios Oficiales de Pedagogos y Psicopedagogos de Espa\u00f1a tiene <a href=\"https:\/\/cgcopyp.org\/index.php\/delegaciones\" data-type=\"URL\" data-id=\"https:\/\/cgcopyp.org\/index.php\/delegaciones\">delegaciones<\/a> en Andaluc\u00eda, Extremadura, Galicia, Madrid y Murcia.<\/strong><\/p>\n","protected":false},"excerpt":{"rendered":"<p>El Consejo General es el \u00f3rgano de representaci\u00f3n de los Colegios Oficiales de Pedagogos y\/o Psicopedagogos ante la Administraci\u00f3n central. Pertenecen a \u00e9l con car\u00e1cter obligatorio todos los Colegios Oficiales&#8230;<\/p>\n<div class=\"more-link-wrapper\"><a class=\"more-link\" href=\"https:\/\/cgcopyp.org\/index.php\/quienes-somos\">Leer m\u00e1s<span class=\"screen-reader-text\">\u00bfQuienes somos?<\/span><\/a><\/div>\n","protected":false},"author":1,"featured_media":0,"parent":0,"menu_order":0,"comment_status":"closed","ping_status":"closed","template":"","meta":{"footnotes":""},"class_list":["post-12","page","type-page","status-publish","hentry","excerpt"],"_links":{"self":[{"href":"https:\/\/cgcopyp.org\/index.php\/wp-json\/wp\/v2\/pages\/12","targetHints":{"allow":["GET"]}}],"collection":[{"href":"https:\/\/cgcopyp.org\/index.php\/wp-json\/wp\/v2\/pages"}],"about":[{"href":"https:\/\/cgcopyp.org\/index.php\/wp-json\/wp\/v2\/types\/page"}],"author":[{"embeddable":true,"href":"https:\/\/cgcopyp.org\/index.php\/wp-json\/wp\/v2\/users\/1"}],"replies":[{"embeddable":true,"href":"https:\/\/cgcopyp.org\/index.php\/wp-json\/wp\/v2\/comments?post=12"}],"version-history":[{"count":15,"href":"https:\/\/cgcopyp.org\/index.php\/wp-json\/wp\/v2\/pages\/12\/revisions"}],"predecessor-version":[{"id":1068,"href":"https:\/\/cgcopyp.org\/index.php\/wp-json\/wp\/v2\/pages\/12\/revisions\/1068"}],"wp:attachment":[{"href":"https:\/\/cgcopyp.org\/index.php\/wp-json\/wp\/v2\/media?parent=12"}],"curies":[{"name":"wp","href":"https:\/\/api.w.org\/{rel}","templated":true}]}}